 factor of d and o.
13
Let t(g) = 2*g**2 + 12*g + 8. Let a be t(-8). Suppose -5*w = -w - a. Let u be 4/w - 232/(-20). What is the highest common divisor of u and 96?
12
Let b(k) = 13*k**3 + k**2 + k - 1. Let h be b(1). Let v = 132 + -237. Let u be (-1484)/v - 4/30. Calculate the greatest common divisor of h and u.
14
Suppose 44*b + 42 = 50*b. What is the highest common factor of b and 21?
7
Let x(q) = -q**2 + 9*q - 6. Suppose 0 = 5*b + 6*b - 33. Let t be x(b). Let s = -34 + 118. Calculate the greatest common factor of t and s.
12
Let h(y) = -62*y - 8. Let d be h(-2). Calculate the greatest common divisor of d and 145.
29
Suppose -4*o = -2*o - 2, 0 = -s + 5*o + 33. Suppose 10 + s = 8*q. What is the greatest common divisor of q and 8?
2
Let k(p) = 103*p - 64. Let q be k(3). What is the greatest common factor of q and 280?
35
Let v be (-3545)/(-45) + (-8)/(-36). Let z be 1 + 3 + -3 + v. Calculate the greatest common divisor of z and 10.
10
Let f(c) = c**2 - 6*c - 2. Let t(l) = -l + 20. Let h be t(13). Let m be f(h). Let k be 3 + 6/(4 - 1). Calculate the greatest common factor of k and m.
5
Let p = 124 + -278. Let q be 30/165 + (-7)/(p/1140). Calculate the highest common factor of 130 and q.
26
Let j = -26 - -29. Suppose -q = -j*r + 104, 2*r + 3*q - 27 = 35. Calculate the highest common divisor of r and 17.
17
Let s = 62 - 23. Let a = -33 + s. What is the highest common divisor of a and 4?
2
Let g = 134 - 95. Let b = 48 - g. What is the highest common divisor of b and 18?
9
Suppose n + 3*n = 2*l - 48, 3*n - 107 = -5*l. Calculate the greatest common divisor of 286 and l.
22
Let w(n) = n**3 + 5*n**2 + 3*n - 2. Let t be w(-3). Let f be (-1)/((t/4)/(-7)). Suppose f*k - 16 = 4. Calculate the greatest common factor of k and 5.
5
Let g(w) = w**3 + w**2 + 4*w. Let m be g(3). Suppose -2*j - 4*o - 264 = -6*j, -260 = -4*j + 2*o. What is the highest common divisor of m and j?
16
Let j = 6 + -23. Let l = 3 - j. Suppose 570 = 74*u + 3*u + 185. Calculate the greatest common factor of u and l.
5
Let k(t) = -4*t - 14. Let q be k(-4). Suppose -q - 68 = -2*f. What is the greatest common divisor of f and 5?
5
Suppose 595 - 2907 = -17*c. Suppose m - 3*m = -34. What is the greatest common divisor of c and m?
17
Let p = 1 + 10. Let s = -8 + p. Suppose x - 26 = -s*c, 0 = -c - c - 2*x + 12. Calculate the highest common factor of 2 and c.
2
Let k = 851 + -543. Suppose -4*l + k = 10*l. Calculate the highest common factor of 11 and l.
11
Suppose 0 = -m - 5*b + 17, 4 = 6*m - 7*m + 2*b. Let o(i) = 4*i**3 + i**2. Let j be o(m). Calculate the highest common divisor of j and 252.
36
Let k(q) = -q + 16. Let s(h) = h**2 - h + 12. Let u be s(0). Let p be k(u). Suppose 4*w - 7 = 1. Calculate the greatest common factor of w and p.
2
Suppose -2*y - 2 = -4. Let i be 2/y*(6 - 1). Suppose 3*d - 125 - 205 = l, 2*l = 3*d - 330. What is the highest common divisor of i and d?
10
Suppose 0 = 68*n - 67*n - 1. Let y(r) be the third derivative of 31*r**4/24 + r**3/6 + r**2. Let i be y(n). What is the greatest common factor of 16 and i?
16
Let a(t) = 11*t. Let l be a(1). Let o(s) = 2*s**3 + 9*s**2 + 5*s - 11. Let y be o(-3). Calculate the greatest common factor of l and y.
1
Let z(d) = d**2 + 56*d - 470. Let r be z(9). What is the greatest common factor of r and 10?
5
Let s be (1*(-12)/(-14))/(128/448). Calculate the highest common divisor of s and 303.
3
Suppose -2*h = 2*f - 58, -10*f = -9*f - 4*h - 44. What is the highest common divisor of 208 and f?
16
Suppose 39*z - 49*z = -550. Let s(a) = a + 5. Let q be s(0). Calculate the greatest common divisor of q and z.
5
Let c = -8 - -4. Let d(m) = -m. Let a be d(c). Suppose 0 = -4*x - 5*i + 411, -341 = -4*x - a*i + 67. Calculate the greatest common factor of 9 and x.
9
Let p be (-2 - 4)*-7 + -15 + 21. What is the highest common divisor of 304 and p?
16
Suppose 8*p - 567 = p. Let o be 1/(-5) + 46/5. Calculate the highest common divisor of p and o.
9
Suppose 0 = -4*r - y + 18, 0*r + 4*y = -5*r + 17. Let p = 17 + -12. Let d be (p/3)/((-2)/(-6)). Calculate the highest common factor of r and d.
5
Let i = -31 + 33. Suppose i*w = -8*a + 3*a + 72, -w - 4*a = -39. What is the greatest common divisor of 248 and w?
31
Suppose -2*t = 3*n - 462, 11*n - 6*n - 2*t - 770 = 0. Calculate the highest common divisor of 14 and n.
14
Let o = 1297 + -1027. Let p(c) = 5*c - 5. Let t be p(7). Calculate the greatest common divisor of o and t.
30
Let z be 27/(-1)*1940/(-873). Calculate the highest common factor of 640 and z.
20
Let v = 2208 - 2193. Calculate the greatest common divisor of v and 60.
15
Let j = -1268 + 1304. What is the greatest common factor of 450 and j?
18
Let p(h) = -6*h - 119. Let z be p(-20). Let i be 1/(3 - 8/3). Suppose -14 = i*u - 47. What is the greatest common factor of z and u?
1
Let o = 298 - 268. Let k = 9 + 1. Let z be k/15*o/2. What is the greatest common factor of 90 and z?
10
Suppose -30*c = -335 + 95. Calculate the greatest common factor of 20 and c.
4
Let t be (3/9)/((-16)/(-240))*16. Let m(d) = 2*d**2 + d + 1. Let g be m(-3). What is the greatest common divisor of t and g?
16
Suppose -6 = a + 4. Let m be a/(((-14)/(-16))/(-7)). Calculate the highest common factor of 32 and m.
16
Let d(l) = l**3 - 4*l**2 - 3*l. Let x be d(4). Let v be (-22 - -8)/(1/x). What is the greatest common factor of 21 and v?
21
Suppose 0 = 2*p + 70 + 72. Let r = p + 85. What is the greatest common factor of r and 7?
7
Let z(j) = j + 14. Suppose f + 3*y + 12 = y, 0 = 4*f - 5*y + 22. Let i be z(f). Suppose 54 = -3*x + i*x. Calculate the greatest common factor of x and 45.
9
Let s = -1857 + 1893. What is the highest common divisor of 192 and s?
12
Suppose -30 = 2*x - 3*x. Let s(o) = -26*o + 8. Suppose -4*l + 20 = -14*l. Let z be s(l). What is the highest common factor of z and x?
30
Suppose 35*d - 7*d - 952 = 0. What is the greatest common divisor of 153 and d?
17
Let r = -42 - 12. Suppose 4*k = 7*a - 3*a + 680, -5*k = 20. Let i = r - a. What is the greatest common factor of 15 and i?
15
Let n = -1024 + 1068. What is the highest common factor of 28 and n?
4
Let h be 3 + (-2)/2 - (-138 - 0). Let i = 1 + 1. Let d be 54/(1 - -2) + i. Calculate the highest common factor of h and d.
20
Let i = 703 - 466. Calculate the greatest common divisor of i and 158.
79
Suppose -5*p + 10 = -0*p. Let k be (38/4)/(p/4). Let o = 784 + -651. Calculate the greatest common divisor of k and o.
19
Let f(i) = 17*i**3 - 2*i**2 + 1. Let t(c) = -68*c**3 + 8*c**2 - 4. Let l(n) = 9*f(n) + 2*t(n). Let u be l(1). What is the greatest common divisor of u and 112?
16
Let p = -339 - -508. Suppose 4*n - 16 = 36. What is the highest common divisor of n and p?
13
Let o be (-1)/((-16788)/(-42020) - (-14)/(-35)). What is the greatest common divisor of o and 11?
11
Let i be 99/(-5)*(-95)/57. What is the greatest common divisor of 528 and i?
33
Let h be (-310)/(-14) + 5/(-35). Calculate the greatest common factor of 187 and h.
11
Suppose -2*v + 173 = 5*k, 10*v = 2*k + 5*v - 46. What is the greatest common divisor of k and 22?
11
Let x be 232/3 - (-14)/21. Suppose -10 = -5*g - 70. Let q be (-322)/g - (-13)/x. What is the highest common divisor of q and 9?
9
Suppose -4*z = 2*o - 2606, 1938 = 3*z - 7*o + 3*o. What is the highest common factor of z and 26?
26
Let z(q) = q**2 - 6*q + 4. Let n be z(6). Let y(t) = -t**2 + 3*t - 4. Let m be y(n). Let c = m - -9. Calculate the greatest common divisor of c and 4.
1
Let z = 9 + 17. Let l be 3/(-4) + 35557/124. What is the highest common factor of l and z?
26
Let j = -47 - -25. Let h = j + 50. What is the highest common divisor of 112 and h?
28
Let w be -4 + (27 - (4 - 6)). Let r be 1*(1 + -2 - -6). What is the highest common factor of r and w?
5
Suppose 0 = -187*l + 182*l - 430. Let u = l - -99. What is the greatest common factor of 39 and u?
13
Let u(f) = -3*f**3 + 2*f + 4. Let g be u(-2). Calculate the greatest common divisor of g and 156.
12
Let u = -184 + 12. Let r be u/(-12) + (-4)/(-6). Let h = r - 9. What is the greatest common factor of h and 3?
3
Let f(k) = k**2 - 5*k - 1. Suppose 0 = -w - 3*w + 24. Let m be f(w). Suppose -4*v + 61 = -99. Calculate the highest common divisor of m and v.
5
Let n = -28 - -18. Let b = -7 - n. Let g be (-1)/(-2*b/18). What is the h